{"id":1167,"date":"2025-05-29T13:06:59","date_gmt":"2025-05-29T13:06:59","guid":{"rendered":"https:\/\/arts.unilag.edu.ng\/?page_id=1167"},"modified":"2025-06-02T11:37:08","modified_gmt":"2025-06-02T11:37:08","slug":"dr-l-olusola-oguntola","status":"publish","type":"page","link":"https:\/\/arts.unilag.edu.ng\/index.php\/dr-l-olusola-oguntola\/","title":{"rendered":"DR. L. OLUSOLA OGUNTOLA"},"content":{"rendered":"\t\t<div data-elementor-type=\"wp-page\" data-elementor-id=\"1167\" class=\"elementor elementor-1167\" data-elementor-post-type=\"page\">\n\t\t\t\t<div class=\"elementor-element elementor-element-d3423fd e-flex e-con-boxed wpr-particle-no wpr-jarallax-no wpr-parallax-no wpr-sticky-section-no e-con e-parent\" data-id=\"d3423fd\" data-element_type=\"container\">\n\t\t\t\t\t<div class=\"e-con-inner\">\n\t\t\t\t<div class=\"elementor-element elementor-element-c89d455 elementor-widget elementor-widget-image\" data-id=\"c89d455\" data-element_type=\"widget\" data-widget_type=\"image.default\">\n\t\t\t\t<div class=\"elementor-widget-container\">\n\t\t\t\t\t\t\t\t\t\t\t\t\t\t\t<img decoding=\"async\" width=\"150\" height=\"150\" src=\"https:\/\/arts.unilag.edu.ng\/wp-content\/uploads\/2025\/05\/DR.-L.-OLUSOLA-OGUNTOLA-150x150.jpg\" class=\"attachment-thumbnail size-thumbnail wp-image-1159\" alt=\"\" \/>\t\t\t\t\t\t\t\t\t\t\t\t\t\t\t<\/div>\n\t\t\t\t<\/div>\n\t\t\t\t\t<\/div>\n\t\t\t\t<\/div>\n\t\t<div class=\"elementor-element elementor-element-c70a60e e-flex e-con-boxed wpr-particle-no wpr-jarallax-no wpr-parallax-no wpr-sticky-section-no e-con e-parent\" data-id=\"c70a60e\" data-element_type=\"container\">\n\t\t\t\t\t<div class=\"e-con-inner\">\n\t\t\t\t<div class=\"elementor-element elementor-element-690334e e-transform elementor-widget elementor-widget-text-editor\" data-id=\"690334e\" data-element_type=\"widget\" data-settings=\"{&quot;_transform_scale_effect_hover&quot;:{&quot;unit&quot;:&quot;px&quot;,&quot;size&quot;:1.03,&quot;sizes&quot;:[]},&quot;_transform_scale_effect_hover_tablet&quot;:{&quot;unit&quot;:&quot;px&quot;,&quot;size&quot;:&quot;&quot;,&quot;sizes&quot;:[]},&quot;_transform_scale_effect_hover_mobile&quot;:{&quot;unit&quot;:&quot;px&quot;,&quot;size&quot;:&quot;&quot;,&quot;sizes&quot;:[]}}\" data-widget_type=\"text-editor.default\">\n\t\t\t\t<div class=\"elementor-widget-container\">\n\t\t\t\t\t\t\t\t\t<p>TITLE : <strong>DR.<\/strong><\/p><p>NAME: <strong>L. OLUSOLA OGUNTOLA<\/strong><\/p><p>POSITION: <strong>SENIOR <\/strong><strong>LECTURER <\/strong>\u00a0\u00a0\u00a0\u00a0\u00a0\u00a0\u00a0\u00a0\u00a0\u00a0\u00a0\u00a0\u00a0\u00a0\u00a0\u00a0\u00a0\u00a0\u00a0\u00a0\u00a0\u00a0\u00a0\u00a0\u00a0\u00a0\u00a0<\/p><p>\u00a0SPECIALISATION<strong>:<\/strong><\/p><p>EDUCATION\/TRAINING <em>(Begin with Bachelor\u2019s degree or other initial professional education, such as nursing, include postdoctoral training and residency training if applicable. Add\/delete rows as necessary.)<\/em><\/p><table><tbody><tr><td width=\"156\"><p>INSTITUTION AND LOCATION<\/p><\/td><td width=\"156\"><p>DEGREE\u00a0<em>(if applicable)<\/em><\/p><\/td><td width=\"156\"><p>Completion Date MM\/YYYY<\/p><\/td><td width=\"156\"><p>FIELD OF STUDY<\/p><\/td><\/tr><tr><td width=\"156\"><p>University of Lagos- Akoka, Lagos Nigeria<\/p><\/td><td width=\"156\"><p>B.A<\/p><\/td><td width=\"156\"><p>2004<\/p><\/td><td width=\"156\"><p>French<\/p><\/td><\/tr><tr><td width=\"156\"><p>University of Lagos- Akoka, Lagos Nigeria<\/p><\/td><td width=\"156\"><p>M.A.<\/p><\/td><td width=\"156\"><p>2008<\/p><\/td><td width=\"156\"><p>\u00a0<\/p><\/td><\/tr><tr><td width=\"156\"><p>University of Lagos- Akoka, Lagos Nigeria<\/p><\/td><td width=\"156\"><p>Ph.D.<\/p><\/td><td width=\"156\"><p>2017<\/p><\/td><td width=\"156\"><p>\u00a0<\/p><\/td><\/tr><\/tbody><\/table><p>\u00a0<\/p><p><strong style=\"background-color: transparent; font-size: 1rem;\">Personal Statement<\/strong><\/p><p>I am passionate about Francophone African and Caribbean Literatures. I strive to bring out the subsisting African cultural heritage in the Caribbean world. I also delight pleasure in teaching French Language, Grammar and Didactics to non-Francophone and Francophone speakers.<\/p><p><strong>Positions, Scientific Appointments, and Honours<\/strong><\/p><ul><li>Editorial Member, <em>Agora, <\/em>Journal of the Department of Foreign Language Studies, University of Uyo \u2013 since 202<\/li><li>Postgraduate Coordinator \u2013 Department of European Languages and Integration Studies 2024 &#8211; present<\/li><li>University French Teachers\u2019 Association of Nigeria \u2013 Treasurer since 2023 &#8211; present<\/li><li>University French Teachers\u2019 Association of Nigeria \u2013 Financial Secretary 2022 &#8211; 2023<\/li><li>Editorial Secretary, <em>Eureka<\/em>, Departmental Journal \u2013 2021 till present<\/li><\/ul><p><strong>Selected Most Recent Publications \/Contributions to Knowledge <\/strong><\/p><ol start=\"2\"><li>Olusola Oguntola, Mujibat Omotokese (2024). \u00ab\u00a0L\u2019alternance codique dans <em>Verre casse <\/em>d\u2019Alain Mabanckou\u00a0\u00bb in <em>Agora<\/em>, No. 9-10, pp.80-95. A publication of the Department of Foreign Language Studies, University of Uyo.<\/li><\/ol><ol start=\"2\"><li>Faloju, J., Ebelechukwu, E., Oguntola, O. and Ademuyiwa, A. (2023). \u201cLanguage and Cultural Immersion Programmes in Russian and French Languages in Nigeria 2012 -2022: Problems and Prospects\u201d in\u00a0<em>ASEAN Journal of Research\u00a0<\/em>. 1, 2 (Jul. 2023).<\/li><\/ol><ol start=\"2\"><li>Olusola Oguntola (2023). \u201cApplying the Mythocriticism Theory in Revisiting African Patrimony in the Works of Roumain and C\u00e9saire&#8221; in Mufutau, Tijani (Ed.). A Handbook on Research and Academic Writing in the Humanities. 2023, pp. 123 &#8211; 138. Abuja: University of Abuja.\u00a0<\/li><\/ol><ol start=\"5\"><li>O. Oguntola, Onyebuchi J. Ugwu, Gloria N. Shuaibu (2022). \u00abLa place des \u0153uvres litt\u00e9raires nig\u00e9rianes d\u2019expression fran\u00e7aise dans l\u2019apprentissage et l\u2019enseignement du fran\u00e7ais dans les universit\u00e9s nig\u00e9rianes et le NFLV \u00bb in <em>Les Collections FLE\/FLA<\/em>, Vol. 3, No. 6, pp.84-102. A Publication of Department of Literature, Linguistics and foreign Languages, Kenyatta University, Nairobi, Kenya,<\/li><\/ol><ol start=\"5\"><li>O. Oguntola (2020). \u00ab La promotion de la paix et le d\u00e9veloppement de l\u2019Afrique\u00a0: cas d\u2019A<em>llah n\u2019est pas oblig\u00e9<\/em> d\u2019Ahmadou Kourouma \u00bb in <em>Le Litt\u00e9raire <\/em>(Revue Internationale de Recherche), Vol. 1, No. 3, pp.56-73. A publication of the Nigerian French Language Village, Badagry<\/li><\/ol><p><strong>Collaborators\/ Networks (International inclusive)<\/strong><\/p><ol><li>Amoa Urbain, Universit\u00e9 Charles-Louis de Montesquieu, Cocody, C\u00f4te d\u2019Ivoire<\/li><li>D. S. Y. Amuzu, University of Education, Winneba, Ghana<\/li><li>Terry Osawaru<\/li><\/ol>\t\t\t\t\t\t\t\t<\/div>\n\t\t\t\t<\/div>\n\t\t\t\t\t<\/div>\n\t\t\t\t<\/div>\n\t\t\t\t<\/div>\n\t\t","protected":false},"excerpt":{"rendered":"<p>TITLE : DR. NAME: L. OLUSOLA OGUNTOLA POSITION: SENIOR LECTURER \u00a0\u00a0\u00a0\u00a0\u00a0\u00a0\u00a0\u00a0\u00a0\u00a0\u00a0\u00a0\u00a0\u00a0\u00a0\u00a0\u00a0\u00a0\u00a0\u00a0\u00a0\u00a0\u00a0\u00a0\u00a0\u00a0\u00a0 \u00a0SPECIALISATION: EDUCATION\/TRAINING (Begin with Bachelor\u2019s degree or other initial professional education, such as nursing, include postdoctoral training and residency training if applicable. Add\/delete rows as necessary.) INSTITUTION AND LOCATION DEGREE\u00a0(if applicable) Completion Date MM\/YYYY FIELD OF STUDY University of Lagos- Akoka, Lagos Nigeria B.A 2004 French University of Lagos- Akoka, Lagos Nigeria M.A. 2008 \u00a0 University of Lagos- Akoka, Lagos Nigeria Ph.D. 2017 \u00a0 \u00a0 Personal Statement I am passionate about Francophone African and Caribbean Literatures. I strive to bring out the subsisting African cultural heritage in the Caribbean world. I also delight pleasure in teaching French Language, Grammar and Didactics to non-Francophone and Francophone speakers. Positions, Scientific Appointments, and Honours Editorial Member, Agora, Journal of the Department of Foreign Language Studies, University of Uyo \u2013 since 202 Postgraduate Coordinator \u2013 Department of European Languages and Integration Studies 2024 &#8211; present University French Teachers\u2019 Association of Nigeria \u2013 Treasurer since 2023 &#8211; present University French Teachers\u2019 Association of Nigeria \u2013 Financial Secretary 2022 &#8211; 2023 Editorial Secretary, Eureka, Departmental Journal \u2013 2021 till present Selected Most Recent Publications \/Contributions to Knowledge Olusola Oguntola, Mujibat Omotokese (2024). \u00ab\u00a0L\u2019alternance codique dans Verre casse d\u2019Alain Mabanckou\u00a0\u00bb in Agora, No. 9-10, pp.80-95. A publication of the Department of Foreign Language Studies, University of Uyo. Faloju, J., Ebelechukwu, E., Oguntola, O. and Ademuyiwa, A. (2023). \u201cLanguage and Cultural Immersion Programmes in Russian and French Languages in Nigeria 2012 -2022: Problems and Prospects\u201d in\u00a0ASEAN Journal of Research\u00a0. 1, 2 (Jul. 2023). Olusola Oguntola (2023). \u201cApplying the Mythocriticism Theory in Revisiting African Patrimony in the Works of Roumain and C\u00e9saire&#8221; in Mufutau, Tijani (Ed.). A Handbook on Research and Academic Writing in the Humanities. 2023, pp. 123 &#8211; 138. Abuja: University of Abuja.\u00a0 O. Oguntola, Onyebuchi J. Ugwu, Gloria N. Shuaibu (2022). \u00abLa place des \u0153uvres litt\u00e9raires nig\u00e9rianes d\u2019expression fran\u00e7aise dans l\u2019apprentissage et l\u2019enseignement du fran\u00e7ais dans les universit\u00e9s nig\u00e9rianes et le NFLV \u00bb in Les Collections FLE\/FLA, Vol. 3, No. 6, pp.84-102. A Publication of Department of Literature, Linguistics and foreign Languages, Kenyatta University, Nairobi, Kenya, O. Oguntola (2020). \u00ab La promotion de la paix et le d\u00e9veloppement de l\u2019Afrique\u00a0: cas d\u2019Allah n\u2019est pas oblig\u00e9 d\u2019Ahmadou Kourouma \u00bb in Le Litt\u00e9raire (Revue Internationale de Recherche), Vol. 1, No. 3, pp.56-73. A publication of the Nigerian French Language Village, Badagry Collaborators\/ Networks (International inclusive) Amoa Urbain, Universit\u00e9 Charles-Louis de Montesquieu, Cocody, C\u00f4te d\u2019Ivoire D. S. Y. Amuzu, University of Education, Winneba, Ghana Terry Osawaru<\/p>\n","protected":false},"author":8,"featured_media":0,"parent":0,"menu_order":0,"comment_status":"closed","ping_status":"closed","template":"","meta":{"footnotes":""},"class_list":["post-1167","page","type-page","status-publish","hentry"],"_links":{"self":[{"href":"https:\/\/arts.unilag.edu.ng\/index.php\/wp-json\/wp\/v2\/pages\/1167","targetHints":{"allow":["GET"]}}],"collection":[{"href":"https:\/\/arts.unilag.edu.ng\/index.php\/wp-json\/wp\/v2\/pages"}],"about":[{"href":"https:\/\/arts.unilag.edu.ng\/index.php\/wp-json\/wp\/v2\/types\/page"}],"author":[{"embeddable":true,"href":"https:\/\/arts.unilag.edu.ng\/index.php\/wp-json\/wp\/v2\/users\/8"}],"replies":[{"embeddable":true,"href":"https:\/\/arts.unilag.edu.ng\/index.php\/wp-json\/wp\/v2\/comments?post=1167"}],"version-history":[{"count":7,"href":"https:\/\/arts.unilag.edu.ng\/index.php\/wp-json\/wp\/v2\/pages\/1167\/revisions"}],"predecessor-version":[{"id":1343,"href":"https:\/\/arts.unilag.edu.ng\/index.php\/wp-json\/wp\/v2\/pages\/1167\/revisions\/1343"}],"wp:attachment":[{"href":"https:\/\/arts.unilag.edu.ng\/index.php\/wp-json\/wp\/v2\/media?parent=1167"}],"curies":[{"name":"wp","href":"https:\/\/api.w.org\/{rel}","templated":true}]}}